 27410943583 a prime number?
True
Is 94830763421 composite?
False
Is 72973150999 composite?
True
Is 2493419813 composite?
False
Is 7925696627 composite?
False
Is 3923892991 a composite number?
False
Is 5426844377 prime?
True
Is 2600461309 prime?
True
Is 964109023 a composite number?
False
Is 10971639677 prime?
False
Is 661609562 a prime number?
False
Is 21957032029 a prime number?
False
Is 554536621 composite?
False
Is 7656757442 a composite number?
True
Is 2512186751 prime?
True
Is 1171135529 a composite number?
False
Is 30212728373 prime?
False
Is 52848511477 a prime number?
True
Is 818938111 prime?
False
Is 1765829869 a prime number?
False
Is 36348767885 a prime number?
False
Is 11027184937 composite?
True
Is 5941078127 a composite number?
True
Is 643146671 a composite number?
True
Is 42880053001 a prime number?
True
Is 1069981069 a composite number?
True
Is 3838446959 a prime number?
True
Is 28634471057 composite?
False
Is 65266207 a prime number?
True
Is 7043380753 a prime number?
True
Is 298041979 a prime number?
True
Is 2632542635 composite?
True
Is 15369830609 composite?
True
Is 135852217 prime?
False
Is 3568520003 composite?
False
Is 1928020579 a composite number?
False
Is 140989236953 composite?
True
Is 60113399651 composite?
False
Is 424060421 prime?
False
Is 4065253769 a prime number?
False
Is 17347441127 prime?
False
Is 4899244817 prime?
False
Is 1665279713 prime?
False
Is 1358387 composite?
False
Is 163352207 prime?
True
Is 329126371 composite?
True
Is 363645977 a prime number?
True
Is 57643160111 a composite number?
True
Is 15382311229 composite?
True
Is 755917754 a composite number?
True
Is 27058422263 prime?
False
Is 138022115599 prime?
True
Is 447222239 a composite number?
True
Is 63771943 prime?
True
Is 1078703539 a prime number?
False
Is 89301541 prime?
False
Is 17677524637 a prime number?
True
Is 126595099 a prime number?
False
Is 110855046661 a composite number?
False
Is 48315229213 prime?
True
Is 1756118599 a composite number?
True
Is 2424758477 a composite number?
False
Is 189714171833 a composite number?
False
Is 1945054717 prime?
True
Is 1814323309 a composite number?
True
Is 122752079 a composite number?
True
Is 12611673709 a composite number?
True
Is 1421720189 a prime number?
True
Is 9550271 a prime number?
False
Is 3401989769 prime?
True
Is 6647094887 a composite number?
False
Is 17764771 a prime number?
True
Is 735582719 composite?
True
Is 3083509447 a prime number?
False
Is 220376071 composite?
False
Is 156390833 a prime number?
True
Is 194927959 composite?
False
Is 1052414017 prime?
True
Is 888341423 composite?
True
Is 6022258157 a composite number?
False
Is 3511943587 prime?
False
Is 23824459199 a prime number?
True
Is 160497839 composite?
False
Is 227909837 a composite number?
True
Is 2128160119 composite?
False
Is 1254109717 a composite number?
True
Is 27877277293 a composite number?
False
Is 5107599241 composite?
True
Is 97276230743 a composite number?
False
Is 25479728522 composite?
True
Is 1092703066681 prime?
True
Is 157135117 prime?
True
Is 5360819929 composite?
False
Is 765297983 a prime number?
False
Is 6085076861 a prime number?
True
Is 227839001483 a prime number?
False
Is 763831223 a composite number?
False
Is 2631798703 a composite number?
True
Is 1826059243 composite?
False
Is 4081362983 prime?
True
Is 1355766889 a composite number?
False
Is 2603245373 a prime number?
True
Is 214930123 a composite number?
False
Is 6677482601 a composite number?
False
Is 18528492019 prime?
False
Is 22026622627 composite?
False
Is 657049097 a prime number?
False
Is 11396671241 a prime number?
True
Is 2548778779 composite?
True
Is 632089271 a composite number?
True
Is 4722979 prime?
True
Is 3874024907 prime?
False
Is 710753177 a composite number?
False
Is 17400263 composite?
False
Is 8321555579 prime?
True
Is 9488365717 a composite number?
True
Is 890313119 prime?
True
Is 6409517129 a prime number?
True
Is 47809441951 a prime number?
True
Is 1444409543 prime?
True
Is 1259664761 prime?
True
Is 183403019 prime?
False
Is 2157765091 composite?
False
Is 234794929 a composite number?
True
Is 19772268233 composite?
True
Is 3654303739 a prime number?
False
Is 232419749 a prime number?
False
Is 1158999649 a composite number?
True
Is 1238791733 prime?
True
Is 458120269 a composite number?
True
Is 8143964009 prime?
True
Is 47672747191 prime?
True
Is 787411369 a prime number?
True
Is 38187601093 composite?
False
Is 2813973209 a composite number?
True
Is 3830399393 prime?
True
Is 47369253563 a prime number?
False
Is 30462244537 composite?
True
Is 8550075223 a composite number?
True
Is 2971655189 prime?
True
Is 1464741566 a prime number?
False
Is 45200179 a composite number?
False
Is 2116564667 prime?
False
Is 14330194037 prime?
True
Is 555904771 a composite number?
True
Is 46872810793 prime?
False
Is 1075852963 a prime number?
False
Is 138637127 composite?
False
Is 36880707173 prime?
True
Is 27191518891 composite?
True
Is 55458865831 a composite number?
True
Is 4122679903 prime?
False
Is 23503041791 composite?
False
Is 3427509529 composite?
True
Is 1221310241 a composite number?
False
Is 500770703 a prime number?
False
Is 535836877 a composite number?
False
Is 8471314079 prime?
True
Is 84264792607 prime?
False
Is 1120881881 a prime number?
False
Is 7985272717 a prime number?
True
Is 1317939109 composite?
True
Is 692048713 a composite number?
True
Is 3115842491 a prime number?
True
Is 492005467 a prime number?
True
Is 238599047 a prime number?
True
Is 1401916303 composite?
True
Is 171703502081 a prime number?
True
Is 1598821883 composite?
False
Is 1026906523 prime?
True
Is 6026877301 a composite number?
True
Is 308572174 a composite number?
True
Is 8317025461 a composite number?
True
Is 990922319 composite?
False
Is 27831815819 a prime number?
True
Is 25975479373 a prime number?
True
Is 40468622501 composite?
True
Is 4381326499 prime?
False
Is 30114087671 composite?
True
Is 992468623 a prime number?
True
Is 271653916097 a prime number?
False
Is 18198140341 a prime number?
False
Is 14817292631 prime?
True
Is 61068792931 a composite number?
False
Is 62066471 prime?
True
Is 286747793 prime?
False
Is 23116835939 prime?
True
Is 22741151287 composite?
False
Is 77109103 prime?
False
Is 296653867 prime?
False
Is 699196357 composite?
True
Is 139236773593 a composite number?
False
Is 162864127 a prime number?
False
Is 1212362981 composite?
False
Is 4736773831 a prime number?
False
Is 6474928393 composite?
False
Is 1937473781 a prime number?
True
Is 1024760803 prime?
False
Is 3825435937 composite?
True
Is 13063399849 a prime number?
False
Is 1366642253 a composite number?
True
Is 119826323 composite?
False
Is 5538806783 a prime number?
True
Is 1550663293 a prime number?
True
Is 50275268879 composite?
True
Is 12569069987 a composite number?
True
Is 54958845467 a prime number?
False
Is 260834897 a composite number?
False
Is 10808285867 a composite number?
False
Is 94510072121 prime?
True
Is 6889905851 prime?
True
Is 125254959693 a composite number?
True
Is 1012360477 a composite number?
False
Is 50356611247 prime?
True
Is 2805276497 prime?
False
Is 765303751 a prime number?
True
Is 439541183 prime?
True
Is 1071115193 composite?
True
Is 1658763149 composite?
False
Is 4596614327 composite?
False
Is 30584073991 a composite number?
False
Is 6073877423 composite?
True
Is 281330893 prime?
True
Is 1027589593 prime?
True
Is 39943753117 prime?
True
Is 9625797163 prime?
True
Is 1384196027 composite?
True
Is 17283202451 a composite number?
False
Is 22768877 a prime number?
False
Is 1710353639 a composite number?
True
Is 541677673 a composite number?
True
Is 17850331 composite?
False
Is 2767791557 a prime number?
False
Is 454186471 a composite number?
True
Is 2021769611 composite?
False
Is 14156119801 a prime number?
True
Is 419142449 a prime number?
False
Is 518641393 prime?
False
Is 815947991 composite?
False
Is 5269148539 a composite number?
False
Is 3059557181 a prime number?
False
Is 150177047 a prime number?
True
Is 3942919781 a composite number?
True
Is 702632339 prime?
True
Is 5104246423 a prime number?
True
Is 33911870237 prime?
False
Is 555038041 a composite number?
False
Is 6798073717 composite?
False
Is 13596266811 a composite number?
Tr